{"id":82,"date":"2023-03-26T13:36:27","date_gmt":"2023-03-26T13:36:27","guid":{"rendered":"https:\/\/misimpuestosya.com\/index.php\/home-1\/"},"modified":"2024-05-08T16:56:57","modified_gmt":"2024-05-08T16:56:57","slug":"home-1","status":"publish","type":"page","link":"https:\/\/misimpuestosya.com\/","title":{"rendered":""},"content":{"rendered":"<p>[vc_row full_width=&#8221;stretch_row&#8221; equal_height=&#8221;yes&#8221; vc_row_background=&#8221;&#8221; css=&#8221;.vc_custom_1687149406954{margin-top: -10px !important;padding-right: 10px !important;background-image: url(https:\/\/misimpuestosya.com\/wp-content\/uploads\/2023\/06\/blanco.jpeg?id=257) !important;background-position: 0 0 !important;background-repeat: repeat !important;}&#8221;][vc_column width=&#8221;2\/3&#8243;][vc_single_image image=&#8221;156&#8243; img_size=&#8221;full&#8221; alignment=&#8221;center&#8221; css_animation=&#8221;fadeIn&#8221;][vc_column_text]<\/p>\n<h2 style=\"text-align: right;\">Siempre tendr\u00e1s a la mano a un contador con quien hablar.<\/h2>\n<p>[\/vc_column_text][vc_message message_box_style=&#8221;solid&#8221; message_box_color=&#8221;alert-success&#8221;]<\/p>\n<h3><strong>Planes desde $499 pesos m\u00e1s IVA por mes.<\/strong><br \/>\n<strong>Total $578.84<\/strong><\/h3>\n<p>[\/vc_message][vc_column_text]<\/p>\n<ul>\n<li>Presentaci\u00f3n de impuestos.<\/li>\n<li>Contabilidad de tus ingresos y gastos.<\/li>\n<li>Asesor\u00eda fiscal y contable (nosotros siempre te contestamos, tendr\u00e1s un contador asignado solo<br \/>\npara ti)<\/li>\n<li>Soporte mediante WhatsApp, llamada telef\u00f3nica o si lo prefieres agendamos mediante plataforma de video.<\/li>\n<li>Emisi\u00f3n de facturas de manera gratuita en nuestro portal de facturaci\u00f3n aprobado por el SAT.<\/li>\n<li>Acceso a tu documentaci\u00f3n como Constancia de Situaci\u00f3n Fiscal, Opini\u00f3n del cumplimiento.<\/li>\n<li>En fin, todas tus necesidades fiscales y contables en un solo lugar a un precio justo.<\/li>\n<\/ul>\n<p>[\/vc_column_text][vc_btn title=&#8221;Necesitas Facturar?&#8221; style=&#8221;flat&#8221; color=&#8221;primary&#8221; align=&#8221;left&#8221; i_icon_fontawesome=&#8221;fas fa-file-audio&#8221; add_icon=&#8221;true&#8221; link=&#8221;url:http%3A%2F%2Ffactura.misimpuestosya.com%2F&#8221;][\/vc_column][vc_column width=&#8221;1\/3&#8243; css=&#8221;.vc_custom_1687149356321{margin-top: 10px !important;margin-bottom: 10px !important;padding-top: 10px !important;padding-bottom: 10px !important;}&#8221;][vc_column_text css=&#8221;.vc_custom_1715187414530{padding-right: 10px !important;padding-bottom: 10px !important;padding-left: 10px !important;background-color: #bad7e9 !important;border-radius: 20px !important;}&#8221;]<iframe src='https:\/\/app.misimpuestosya.com\/formulario' height='500px' width='100%'><\/iframe>[\/vc_column_text][\/vc_column][\/vc_row]<\/p>\n","protected":false},"excerpt":{"rendered":"<p>[vc_row full_width=&#8221;stretch_row&#8221; equal_height=&#8221;yes&#8221; vc_row_background=&#8221;&#8221; css=&#8221;.vc_custom_1687149406954{margin-top: -10px !important;padding-right: 10px !important;background-image: url(https:\/\/misimpuestosya.com\/wp-content\/uploads\/2023\/06\/blanco.jpeg?id=257) !important;background-position: 0 0 !important;background-repeat: repeat !important;}&#8221;][vc_column width=&#8221;2\/3&#8243;][vc_single_image image=&#8221;156&#8243; img_size=&#8221;full&#8221; alignment=&#8221;center&#8221; css_animation=&#8221;fadeIn&#8221;][vc_column_text] Siempre tendr\u00e1s a la mano a un contador con quien hablar. [\/vc_column_text][vc_message message_box_style=&#8221;solid&#8221; message_box_color=&#8221;alert-success&#8221;] Planes desde $499 pesos m\u00e1s IVA por mes. Total $578.84 [\/vc_message][vc_column_text] Presentaci\u00f3n de impuestos. Contabilidad de tus ingresos y gastos. [&hellip;]<\/p>\n","protected":false},"author":1,"featured_media":0,"parent":0,"menu_order":0,"comment_status":"closed","ping_status":"closed","template":"template-builder.php","meta":{"footnotes":""},"class_list":["post-82","page","type-page","status-publish","hentry"],"yoast_head":"<!-- This site is optimized with the Yoast SEO plugin v24.2 - https:\/\/yoast.com\/wordpress\/plugins\/seo\/ -->\n<title>- MisImpuestosYa<\/title>\n<meta name=\"robots\" content=\"index, follow, max-snippet:-1, max-image-preview:large, max-video-preview:-1\" \/>\n<link rel=\"canonical\" href=\"https:\/\/misimpuestosya.com\/\" \/>\n<meta property=\"og:locale\" content=\"es_MX\" \/>\n<meta property=\"og:type\" content=\"article\" \/>\n<meta property=\"og:title\" content=\"- MisImpuestosYa\" \/>\n<meta property=\"og:description\" content=\"[vc_row full_width=&#8221;stretch_row&#8221; equal_height=&#8221;yes&#8221; vc_row_background=&#8221;&#8221; css=&#8221;.vc_custom_1687149406954{margin-top: -10px !important;padding-right: 10px !important;background-image: url(https:\/\/misimpuestosya.com\/wp-content\/uploads\/2023\/06\/blanco.jpeg?id=257) !important;background-position: 0 0 !important;background-repeat: repeat !important;}&#8221;][vc_column width=&#8221;2\/3&#8243;][vc_single_image image=&#8221;156&#8243; img_size=&#8221;full&#8221; alignment=&#8221;center&#8221; css_animation=&#8221;fadeIn&#8221;][vc_column_text] Siempre tendr\u00e1s a la mano a un contador con quien hablar. [\/vc_column_text][vc_message message_box_style=&#8221;solid&#8221; message_box_color=&#8221;alert-success&#8221;] Planes desde $499 pesos m\u00e1s IVA por mes. Total $578.84 [\/vc_message][vc_column_text] Presentaci\u00f3n de impuestos. Contabilidad de tus ingresos y gastos. [&hellip;]\" \/>\n<meta property=\"og:url\" content=\"https:\/\/misimpuestosya.com\/\" \/>\n<meta property=\"og:site_name\" content=\"MisImpuestosYa\" \/>\n<meta property=\"article:modified_time\" content=\"2024-05-08T16:56:57+00:00\" \/>\n<meta name=\"twitter:card\" content=\"summary_large_image\" \/>\n<meta name=\"twitter:label1\" content=\"Tiempo de lectura\" \/>\n\t<meta name=\"twitter:data1\" content=\"1 minuto\" \/>\n<script type=\"application\/ld+json\" class=\"yoast-schema-graph\">{\"@context\":\"https:\/\/schema.org\",\"@graph\":[{\"@type\":\"WebPage\",\"@id\":\"https:\/\/misimpuestosya.com\/\",\"url\":\"https:\/\/misimpuestosya.com\/\",\"name\":\"- MisImpuestosYa\",\"isPartOf\":{\"@id\":\"https:\/\/misimpuestosya.com\/#website\"},\"datePublished\":\"2023-03-26T13:36:27+00:00\",\"dateModified\":\"2024-05-08T16:56:57+00:00\",\"inLanguage\":\"es\",\"potentialAction\":[{\"@type\":\"ReadAction\",\"target\":[\"https:\/\/misimpuestosya.com\/\"]}]},{\"@type\":\"WebSite\",\"@id\":\"https:\/\/misimpuestosya.com\/#website\",\"url\":\"https:\/\/misimpuestosya.com\/\",\"name\":\"MisImpuestosYa\",\"description\":\"\",\"potentialAction\":[{\"@type\":\"SearchAction\",\"target\":{\"@type\":\"EntryPoint\",\"urlTemplate\":\"https:\/\/misimpuestosya.com\/?s={search_term_string}\"},\"query-input\":{\"@type\":\"PropertyValueSpecification\",\"valueRequired\":true,\"valueName\":\"search_term_string\"}}],\"inLanguage\":\"es\"}]}<\/script>\n<!-- \/ Yoast SEO plugin. -->","yoast_head_json":{"title":"- MisImpuestosYa","robots":{"index":"index","follow":"follow","max-snippet":"max-snippet:-1","max-image-preview":"max-image-preview:large","max-video-preview":"max-video-preview:-1"},"canonical":"https:\/\/misimpuestosya.com\/","og_locale":"es_MX","og_type":"article","og_title":"- MisImpuestosYa","og_description":"[vc_row full_width=&#8221;stretch_row&#8221; equal_height=&#8221;yes&#8221; vc_row_background=&#8221;&#8221; css=&#8221;.vc_custom_1687149406954{margin-top: -10px !important;padding-right: 10px !important;background-image: url(https:\/\/misimpuestosya.com\/wp-content\/uploads\/2023\/06\/blanco.jpeg?id=257) !important;background-position: 0 0 !important;background-repeat: repeat !important;}&#8221;][vc_column width=&#8221;2\/3&#8243;][vc_single_image image=&#8221;156&#8243; img_size=&#8221;full&#8221; alignment=&#8221;center&#8221; css_animation=&#8221;fadeIn&#8221;][vc_column_text] Siempre tendr\u00e1s a la mano a un contador con quien hablar. [\/vc_column_text][vc_message message_box_style=&#8221;solid&#8221; message_box_color=&#8221;alert-success&#8221;] Planes desde $499 pesos m\u00e1s IVA por mes. Total $578.84 [\/vc_message][vc_column_text] Presentaci\u00f3n de impuestos. Contabilidad de tus ingresos y gastos. [&hellip;]","og_url":"https:\/\/misimpuestosya.com\/","og_site_name":"MisImpuestosYa","article_modified_time":"2024-05-08T16:56:57+00:00","twitter_card":"summary_large_image","twitter_misc":{"Tiempo de lectura":"1 minuto"},"schema":{"@context":"https:\/\/schema.org","@graph":[{"@type":"WebPage","@id":"https:\/\/misimpuestosya.com\/","url":"https:\/\/misimpuestosya.com\/","name":"- MisImpuestosYa","isPartOf":{"@id":"https:\/\/misimpuestosya.com\/#website"},"datePublished":"2023-03-26T13:36:27+00:00","dateModified":"2024-05-08T16:56:57+00:00","inLanguage":"es","potentialAction":[{"@type":"ReadAction","target":["https:\/\/misimpuestosya.com\/"]}]},{"@type":"WebSite","@id":"https:\/\/misimpuestosya.com\/#website","url":"https:\/\/misimpuestosya.com\/","name":"MisImpuestosYa","description":"","potentialAction":[{"@type":"SearchAction","target":{"@type":"EntryPoint","urlTemplate":"https:\/\/misimpuestosya.com\/?s={search_term_string}"},"query-input":{"@type":"PropertyValueSpecification","valueRequired":true,"valueName":"search_term_string"}}],"inLanguage":"es"}]}},"_links":{"self":[{"href":"https:\/\/misimpuestosya.com\/index.php\/wp-json\/wp\/v2\/pages\/82","targetHints":{"allow":["GET"]}}],"collection":[{"href":"https:\/\/misimpuestosya.com\/index.php\/wp-json\/wp\/v2\/pages"}],"about":[{"href":"https:\/\/misimpuestosya.com\/index.php\/wp-json\/wp\/v2\/types\/page"}],"author":[{"embeddable":true,"href":"https:\/\/misimpuestosya.com\/index.php\/wp-json\/wp\/v2\/users\/1"}],"replies":[{"embeddable":true,"href":"https:\/\/misimpuestosya.com\/index.php\/wp-json\/wp\/v2\/comments?post=82"}],"version-history":[{"count":79,"href":"https:\/\/misimpuestosya.com\/index.php\/wp-json\/wp\/v2\/pages\/82\/revisions"}],"predecessor-version":[{"id":285,"href":"https:\/\/misimpuestosya.com\/index.php\/wp-json\/wp\/v2\/pages\/82\/revisions\/285"}],"wp:attachment":[{"href":"https:\/\/misimpuestosya.com\/index.php\/wp-json\/wp\/v2\/media?parent=82"}],"curies":[{"name":"wp","href":"https:\/\/api.w.org\/{rel}","templated":true}]}}